t is -12221 + -2202031?
-2220312
In base 3, what is 112010 - -102101?
221111
In base 13, what is -16b2c02 - a7?
-16b2ca9
In base 15, what is -4 + -1c6bea?
-1c6bee
In base 6, what is 5530143050 - -12?
5530143102
In base 2, what is 101101001000011110111100 - 10?
101101001000011110111010
In base 10, what is 283899 - -206?
284105
In base 8, what is 15107343 + 0?
15107343
In base 4, what is 13232313010002 + -3?
13232313003333
In base 3, what is -22121 + 210120100110?
210120000212
In base 15, what is 3 + 1d2c228?
1d2c22b
In base 9, what is 6384776 + 16?
6384803
In base 11, what is -6 - 78018?
-78023
In base 6, what is -2 - -3142451124?
3142451122
In base 4, what is 1101202211 - 1113?
1101201032
In base 5, what is 1000 - -24444240?
30000240
In base 2, what is -1111010100101010000010100100 - 100?
-1111010100101010000010101000
In base 10, what is 163 + 88619?
88782
In base 11, what is -4015a165 - -5?
-4015a160
In base 9, what is -1368545 - 3?
-1368548
In base 4, what is -220203212 + 2?
-220203210
In base 2, what is 100110100010011 + 100100001?
100111000110100
In base 12, what is 1a043aa + 5?
1a043b3
In base 8, what is -553 - -143654?
143101
In base 7, what is -2624 + -153045?
-156002
In base 2, what is -1 - 1001001101111100100110010?
-1001001101111100100110011
In base 14, what is 238 + -48d93?
-48b59
In base 6, what is -10 - -424513020?
424513010
In base 2, what is 1110100010100110001 - -1?
1110100010100110010
In base 12, what is -391 - -29912?
29541
In base 10, what is 10360 + 136?
10496
In base 3, what is 1111122110200212 - -101?
1111122110201020
In base 9, what is 316 - -625701?
626117
In base 3, what is -111121 - 10001222010?
-10002110201
In base 14, what is 22393 - 352?
22041
In base 16, what is -5e2 + 11514?
10f32
In base 10, what is 4 + 67954908?
67954912
In base 12, what is 1733392 - -1?
1733393
In base 5, what is -402111423324 - -2?
-402111423322
In base 3, what is -2201 + -12122012011211?
-12122012021112
In base 14, what is -33565d38 + 4?
-33565d34
In base 9, what is -318 - 3303037?
-3303356
In base 5, what is -212122 + 4312?
-202310
In base 9, what is -10 - 36574575?
-36574585
In base 6, what is 3 - 11525501054?
-11525501051
In base 4, what is 11230002303 + 210?
11230003113
In base 14, what is -8 - c8a51?
-c8a59
In base 11, what is 0 - -7184366?
7184366
In base 5, what is -20201140441 + -10?
-20201141001
In base 13, what is 27ab6b56 - -2?
27ab6b58
In base 4, what is 11 + -11232003?
-11231332
In base 12, what is -244a + 48b2?
2464
In base 5, what is -344114132 + -14?
-344114201
In base 15, what is 41 - -571ed?
5723e
In base 16, what is 26d8b7 - 13d?
26d77a
In base 15, what is -1e + -3ced327?
-3ced346
In base 3, what is -12202211100 - 10011?
-12202221111
In base 10, what is 30226 + 7?
30233
In base 7, what is -6614342 - 42?
-6614414
In base 6, what is -353 - -54025?
53232
In base 15, what is 5 - -4b225?
4b22a
In base 11, what is -387125 - 10?
-387135
In base 10, what is -661 + -195980?
-196641
In base 5, what is -132024 + 233212?
101133
In base 12, what is -3 - 33a604?
-33a607
In base 2, what is 100101101000111 + -1011100100010?
11010000100101
In base 6, what is -2022340 + 420?
-2021520
In base 5, what is -10124 + -12003444?
-12014123
In base 12, what is 47a635 - 48?
47a5a9
In base 12, what is 4b43ba1 + 10?
4b43bb1
In base 7, what is 44 - 1453515?
-1453441
In base 8, what is -10 - 7321235?
-7321245
In base 5, what is 4412233 - -2444?
4420232
In base 8, what is 0 + -316011513?
-316011513
In base 8, what is 30772 + -3024?
25746
In base 15, what is -4 - -106e494?
106e490
In base 2, what is -11010110000001100 - 1010011110110?
-11100000100000010
In base 10, what is 429 - -237949?
238378
In base 12, what is 1 - -20aa24?
20aa25
In base 16, what is 36 + -d29?
-cf3
In base 3, what is 10002221022201211 + -12?
10002221022201122
In base 3, what is 1 + 22120221001212201?
22120221001212202
In base 11, what is 9977 + -4423?
5554
In base 13, what is 3 - -9b0841?
9b0844
In base 13, what is 604 + b564?
bb68
In base 4, what is -222 + -10032122212?
-10032123100
In base 6, what is 102 - -42551?
43053
In base 2, what is 1001100101111010110111010 + 111?
1001100101111010111000001
In base 15, what is 3e71e17 - 4?
3e71e13
In base 8, what is -10 + 322363427?
322363417
In base 12, what is -1063 - -61?
-1002
In base 8, what is -121563 + -505?
-122270
In base 14, what is a97 - -250d?
31a6
In base 6, what is 1324 + -140304515?
-140303151
In base 5, what is 102331 + 21100?
123431
In base 14, what is 2a8b206 - -1?
2a8b207
In base 4, what is -10100 + -1101303230?
-1101313330
In base 5, what is -33332311012 - 10?
-33332311022
In base 2, what is -10100001 + -1100001001000001?
-1100001011100010
In base 8, what is -2605174 - 240?
-2605434
In base 9, what is -16 + -18762177?
-18762204
In base 6, what is -234251 + 240235?
1544
In base 8, what is 300020 + -2067?
275731
In base 16, what is -b7 - -c529b?
c51e4
In base 11, what is 102 - -311435?
311537
In base 15, what is 165ba54 - -13?
165ba67
In base 4, what is 1131120120 + 1033311?
1132220031
In base 16, what is 6f - ae2ef?
-ae280
In base 13, what is -1939672 - 4?
-1939676
In base 3, what is 111012120000112 + -1?
111012120000111
In base 11, what is -14839017 + -5?
-14839021
In base 5, what is 0 + -210400022140?
-210400022140
In base 3, what is 2210010210020 + 11002?
2210010221022
In base 9, what is -153702844 + -5?
-153702850
In base 9, what is 4 + -3830575?
-3830571
In base 10, what is 133879 + -924?
132955
In base 8, what is -13 + -23664273?
-23664306
In base 12, what is -2892438a + -5?
-28924393
In base 13, what is ab3265 - -18?
ab3280
In base 6, what is 21 + -2331013534?
-2331013513
In base 10, what is -125905 - -116?
-125789
In base 3, what is 10 + -20211010100001220?
-20211010100001210
In base 16, what is -60 + 2fe76?
2fe16
In base 14, what is 12b - 281?
-154
In base 4, what is -1322112032 - 2?
-1322112100
In base 9, what is -376 - 163614?
-164101
In base 13, what is 1a53 - 1398?
688
In base 4, what is 13123103210110 + 0?
13123103210110
In base 2, what is -111100011 + -100101111011101001?
-100110000011001100
In base 15, what is 87e3 + 128d?
9a81
In base 12, what is b094078 - -2?
b09407a
In base 2, what is 10100001111000110 + -10100000?
10100001100100110
In base 13, what is 17207b9 + 8?
17207c4
In base 5, what is -214241343412 + -1?
-214241343413
In base 5, what is 1032 - -212241424?
212243011
In base 12, what is 1 + b9044b0?
b9044b1
In base 3, what is 20 - 200222111202111?
-200222111202021
In base 14, what is -9022d - -2c?
-90201
In base 9, what is 1 + 528146086?
528146087
In base 11, what is 7a853213 - -5?
7a853218
In base 12, what is -243 + -84a06?
-85049
In base 6, what is -11 + 1155204114?
1155204103
In base 11, what is -28199a + 3?
-281997
In base 11, what is -103 - 401054?
-401157
In base 3, what is 222020010 - -2021222?
1001112002
In base 8, what is 1103704 + -1337?
1102345
In base 5, what is 2 - -442001111?
442001113
In base 12, what is -994 + 5a?
-936
In base 16, what is 2d0 - 5830?
-5560
In base 14, what is -d45 + -bc151?
-bd096
In base 10, what is 512031 + -21?
512010
In base 10, what is -140156 + -973?
-141129
In base 16, what is 31b4b + 15f?
31caa
In base 3, what is 120211 + -211012002?
-210121021
In base 16, what is 1f8 - 1be?
3a
In base 15, what is 13509e6 + 4?
13509ea
In base 11, what is 5 - 35401830?
-35401826
In base 16, what is -2c24 + 7f1b?
52f7
In base 4, what is -11131112 + -12220330?
-30012102
In base 14, what is -2792 + -348?
-2ada
In base 14, what is -1a6 - 10659b?
-106763
In base 3, what is 2112 + -221110101000?
-221110021111
In base 8, what is -213543 + 12470?
-201053
In base 14, what is -1a6693 + -4a?
-1a66dd
In base 14, what is -2 + 199087d3?
199087d1
In base 7, what is 1625 + -241145?
-236220
In base 10, what is -762461 + -1?
-762462
In base 10, what is -9533597 + -8?
-9533605
In base 14, what is -195 + 2411a?
23d65
In base 3, what is 11112200220012012 - -1?
11112200220012020
In base 2, what is 100001111101101001 - -10000001?
100001111111101010
In base 3, what is -2010021202121121000 - 2?
-2010021202121121002
In base 2, what is -10011111010011100101101010 - 11?
-10011111010011100101101101
In base 10, what is -976657 - 15?
-976672
In base 7, what is -462 - -2303136?
2302344
In base 14, what is 